f 673314628?
6
What is the ten millions digit of 2418117875?
1
What is the ten millions digit of 65316288?
6
What is the hundred thousands digit of 324819136?
8
What is the thousands digit of 483636257?
6
What is the hundred millions digit of 145509861?
1
What is the thousands digit of 1564245975?
5
What is the millions digit of 935350282?
5
What is the hundred thousands digit of 1621436763?
4
What is the ten thousands digit of 550807042?
0
What is the hundred thousands digit of 399779969?
7
What is the tens digit of 39945112?
1
What is the ten thousands digit of 691876297?
7
What is the ten thousands digit of 61101344?
0
What is the tens digit of 897890093?
9
What is the ten millions digit of 16517673?
1
What is the tens digit of 38890100?
0
What is the ten millions digit of 662634660?
6
What is the units digit of 3310770550?
0
What is the hundreds digit of 380252645?
6
What is the ten thousands digit of 43950104?
5
What is the tens digit of 23477757?
5
What is the hundreds digit of 95694379?
3
What is the tens digit of 2698733711?
1
What is the thousands digit of 297083589?
3
What is the ten millions digit of 1251038049?
5
What is the millions digit of 2062219336?
2
What is the tens digit of 127716882?
8
What is the tens digit of 77251337?
3
What is the ten millions digit of 1162238239?
6
What is the hundred millions digit of 322986882?
3
What is the millions digit of 47008466?
7
What is the ten thousands digit of 470476353?
7
What is the hundred thousands digit of 259686323?
6
What is the units digit of 6429846648?
8
What is the tens digit of 41097907?
0
What is the hundred millions digit of 753808597?
7
What is the millions digit of 602315555?
2
What is the units digit of 2943290094?
4
What is the millions digit of 174868024?
4
What is the tens digit of 1984097832?
3
What is the hundreds digit of 141914781?
7
What is the thousands digit of 145700132?
0
What is the hundred millions digit of 2428517762?
4
What is the units digit of 804641044?
4
What is the thousands digit of 6050781?
0
What is the hundred thousands digit of 91771324?
7
What is the hundred thousands digit of 2031703697?
7
What is the ten millions digit of 10166157?
1
What is the hundred millions digit of 327845120?
3
What is the units digit of 51659214?
4
What is the tens digit of 16559929?
2
What is the millions digit of 7357928?
7
What is the millions digit of 8158370?
8
What is the ten millions digit of 140836083?
4
What is the units digit of 35843571?
1
What is the millions digit of 2623592235?
3
What is the hundreds digit of 168870834?
8
What is the hundreds digit of 72679459?
4
What is the thousands digit of 55442400?
2
What is the hundred thousands digit of 2622504978?
5
What is the hundred thousands digit of 277538903?
5
What is the units digit of 7933308?
8
What is the hundreds digit of 1704624209?
2
What is the hundred thousands digit of 1840231370?
2
What is the hundred millions digit of 659308592?
6
What is the ten thousands digit of 596480115?
8
What is the hundred millions digit of 210975285?
2
What is the tens digit of 1568484607?
0
What is the ten thousands digit of 4492566876?
6
What is the millions digit of 593142945?
3
What is the hundred thousands digit of 30012936?
0
What is the hundred millions digit of 140050327?
1
What is the hundred thousands digit of 1236288270?
2
What is the millions digit of 872299479?
2
What is the units digit of 929665?
5
What is the tens digit of 7095279389?
8
What is the ten millions digit of 68856760?
6
What is the ten millions digit of 5204081968?
0
What is the tens digit of 580440579?
7
What is the thousands digit of 192640223?
0
What is the hundred millions digit of 377593259?
3
What is the hundred thousands digit of 414949103?
9
What is the millions digit of 1733275903?
3
What is the ten thousands digit of 485495687?
9
What is the hundred thousands digit of 2769169539?
1
What is the hundreds digit of 406928539?
5
What is the millions digit of 15920511?
5
What is the hundred millions digit of 921058355?
9
What is the ten thousands digit of 330860672?
6
What is the billions digit of 3041915449?
3
What is the ten thousands digit of 355718335?
1
What is the hundred thousands digit of 262892167?
8
What is the hundred thousands digit of 80016046?
0
What is the hundred thousands digit of 28864415?
8
What is the thousands digit of 752729293?
9
What is the millions digit of 18062203?
8
What is the tens digit of 44043269?
6
What is the hundred millions digit of 1089740507?
0
What is the hundreds digit of 19265266?
2
What is the hundreds digit of 133624174?
1
What is the hundred thousands digit of 147192274?
1
What is the ten millions digit of 20896115?
2
What is the hundreds digit of 64841216?
2
What is the hundred thousands digit of 5417007?
4
What is the ten thousands digit of 105985161?
8
What is the hundreds digit of 2558046903?
9
What is the hundred thousands digit of 117916615?
9
What is the hundred millions digit of 3550300771?
5
What is the hundred thousands digit of 2003163800?
1
What is the tens digit of 124597762?
6
What is the thousands digit of 3476400307?
0
What is the hundred thousands digit of 212915747?
9
What is the units digit of 105487042?
2
What is the tens digit of 368588728?
2
What is the tens digit of 206580736?
3
What is the hundred thousands digit of 756832950?
8
What is the thousands digit of 166373363?
3
What is the millions digit of 482217824?
2
What is the tens digit of 2805533039?
3
What is the ten millions digit of 2314520827?
1
What is the ten thousands digit of 222793208?
9
What is the ten thousands digit of 210462277?
6
What is the millions digit of 1679368373?
9
What is the hundreds digit of 87188616?
6
What is the ten thousands digit of 18554460?
5
What is the ten millions digit of 59056367?
5
What is the units digit of 61251255?
5
What is the ten thousands digit of 1514576305?
7
What is the hundreds digit of 23662692?
6
What is the hundred millions digit of 214540468?
2
What is the thousands digit of 5805917249?
7
What is the ten millions digit of 157850138?
5
What is the ten millions digit of 911769803?
1
What is the ten millions digit of 252711707?
5
What is the tens digit of 79288569?
6
What is the thousands digit of 276720248?
0
What is the thousands digit of 168393405?
3
What is the ten thousands digit of 123546754?
4
What is the tens digit of 568101753?
5
What is the hundred thousands digit of 5659962373?
9
What is the units digit of 534022859?
9
What is the units digit of 11599687?
7
What is the billions digit of 2838936043?
2
What is the hundreds digit of 30327246?
2
What is the millions digit of 206404496?
6
What is the hundreds digit of 45248315?
3
What is the thousands digit of 3315107616?
7
What is the ten thousands digit of 740847438?
4
What is the thousands digit of 239902500?
2
What is the ten millions digit of 480174229?
8
What is the hundreds digit of 146775045?
0
What is the units digit of 394917944?
4
What is the thousands digit of 2320760363?
0
What is the thousands digit of 15979516?
9
What is the ten millions digit of 287131363?
8
What is the hundred thousands digit of 39254854?
2
What is the hundred millions digit of 234319611?
2
What is the thousands digit of 6249220905?
0
What is the hundred millions digit of 7474124989?
4
What is the millions digit of 925093090?
5
What is the units digit of 47899213?
3
What is the hundred thousands digit of 8320648809?
6
What is the thousands digit of 179246950?
6
What is the ten thousands digit of 313472415?
7
What is the ten thousands digit of 105959863?
5
What is the millions digit of 168728755?
8
What is the hundreds digit of 368264724?
7
What is the hundreds digit of 14893642?
6
What is the ten thousands digit of 452546292?
4
What is the hundred thousands digit of 172541909?
5
What is the hundreds digit of 195725015?
0
What is the millions digit of 27592667?
7
What is the units digit of 900861822?
2
What is the ten thousands digit of 254112775?
1
What is the thousands digit of 493598346?
8
What is the millions digit of 232439123?
2
What is the millions digit of 329317703?
9
What is the millions digit of 2220619272?
0
What is the hundred millions digit of 4792632624?
7
What is the units digit of 224809487?
7
What is the tens di